 divisor of f and 5.
5
Let p be 6 + -4 + 1 + 16. Suppose -j = -4*g - 2*j + 686, 0 = 2*g + j - 344. Calculate the highest common divisor of g and p.
19
Let i = 178 + -162. What is the highest common divisor of 2 and i?
2
Let v = 9 - 19. Let o(a) = 5*a**2 + 14 - 3*a**2 + 11*a - 4 - 1. Let c be o(v). What is the greatest common factor of 9 and c?
9
Let y = 9 + -6. Suppose -80 = -y*m - 2*m + 5*z, z + 2 = 0. Let d(v) = -v**3 + 21*v**2 + 6*v. Let f be d(21). Calculate the greatest common divisor of f and m.
14
Let t be 502 + (-5)/((-15)/6). What is the highest common factor of 48 and t?
24
Let a(o) = 37*o**2 + 29*o + 150. Let u be a(-5). Calculate the highest common divisor of 60 and u.
30
Let m(a) = 2*a**2 + 29*a - 36. Let t be m(-18). What is the greatest common factor of 120 and t?
30
Let s(p) = 15*p**2 - 5*p + 5. Let u be s(2). Calculate the greatest common divisor of 2255 and u.
55
Suppose -5*i = -0 - 10. Let a be (2 + 0)/(i/8). Let v be (1 - -4) + (-16 - -15). What is the highest common divisor of v and a?
4
Let o(u) = -39*u - 143. Let l be o(-20). What is the greatest common divisor of 26 and l?
13
Suppose -15*s - 5980 = -28*s. Calculate the greatest common factor of s and 92.
92
Let c(l) = -4*l + 26. Let f be c(6). Suppose -3*t - 2*w + 30 = 3*w, -f*t = -w - 7. What is the greatest common divisor of 5 and t?
5
Let k be (43 - 7)/(-2)*(-5)/2. Calculate the greatest common factor of k and 210.
15
Suppose 3*f + q - 155 = -0*f, -106 = -2*f - 2*q. Suppose p - 24 = 4*p. Let v = p + 25. Calculate the highest common divisor of v and f.
17
Let z = -24 + 24. Suppose z = -7*m + 2017 + 1224. Let f = -260 + m. What is the greatest common factor of f and 29?
29
Let q(p) = -72*p - 446. Let v be q(-18). Calculate the greatest common divisor of v and 102.
34
Let z(w) = -35*w - 80. Let y be z(-7). Let k(d) = 8*d - 1. Let i be k(2). Calculate the highest common divisor of y and i.
15
Let x(l) be the first derivative of -l**4/4 - 8*l**3/3 + 8*l**2 + 25*l + 9. Let d be x(-10). What is the highest common factor of d and 5?
5
Suppose -61721 = -32*y + y. What is the highest common divisor of y and 11?
11
Let g(p) = -p**3 - p**2 + 3. Let x be g(-3). Suppose 0 = n - x - 7. What is the highest common divisor of n and 14?
14
Let d = -84 + 49. Let c = d + 60. Let r = c + -16. What is the highest common divisor of 9 and r?
9
Suppose -9*u + 3*u + 114 = 0. Let k be -3 + (96 - -3) - 1. Calculate the greatest common factor of k and u.
19
Let d be 590/6 - (16/6)/(-4). Let x(p) = -p**2 + p + 9. Suppose l = 2*l. Let k be x(l). What is the highest common factor of k and d?
9
Let f be 1/8 + (-2193)/8. Let g = f + 402. Let m(x) = -4*x + 4. Let w be m(-3). What is the greatest common factor of w and g?
16
Let t be (-424)/(-36) - (-6)/27. What is the greatest common divisor of 288 and t?
12
Suppose 2*z + z = 48. Calculate the highest common divisor of z and 32.
16
Suppose 4*y = 275 + 1. Calculate the highest common factor of y and 1587.
69
Let a = 321 - 310. Suppose -11 = -3*s + 3*f - f, -4*s - f + 11 = 0. Suppose -h - s*h + 44 = 0. Calculate the greatest common divisor of h and a.
11
Let i(h) = -7*h - 55. Let a be i(-18). Let c = a + -43. Calculate the highest common divisor of 4 and c.
4
Let u(j) = j**2 - 9*j - 16. Let k be u(12). Suppose k*h = 23*h + 36. Let o = h + 33. Calculate the greatest common divisor of 14 and o.
7
Let k be 15 - (3 - -1) - 0. Suppose 5*p - k = 19. Let f be ((-3)/3)/1 - -7. Calculate the highest common divisor of p and f.
6
Let a(z) = -5*z**3 + 14*z**2 - 10*z - 7. Let w(p) = p**3 - p**2 + 1. Let n(l) = a(l) + 6*w(l). Let m be n(-9). Calculate the greatest common factor of m and 2.
2
Suppose 4*j - 132 = -2*s, j + 2*s - 33 = -3*s. What is the highest common divisor of j and 132?
33
Suppose 3*b - 8*b = 2*o - 451, 0 = -4*b + o + 366. Suppose 1881*a = 1884*a - 42. What is the highest common factor of a and b?
7
Let b(v) = -19*v + 15. Let o(h) = h - 1. Let w(u) = -b(u) - o(u). Let p be w(3). Calculate the highest common divisor of p and 5.
5
Suppose -4*a + 3*w + 956 = -0*a, 4*a - 956 = -3*w. Let i(p) = -52*p**2 - p - 1. Let u be i(-1). Let g = u + a. What is the highest common divisor of 17 and g?
17
Let p be 3*(17200/(-30))/(-8). What is the greatest common divisor of p and 344?
43
Let s(d) = d**3 + 110. Let p be s(0). Let t = p - 60. Let v(m) = 5*m - 15. Let y be v(7). What is the greatest common divisor of y and t?
10
Let p(l) = 3*l**2 - 55*l - 25. Let o be p(23). What is the greatest common divisor of 27 and o?
27
Let q(m) = 35*m + 9. Let d be q(1). What is the greatest common factor of 66 and d?
22
Let o = 156 + -129. Suppose 0*w + w + 2*p = o, 2*p = 0. What is the greatest common divisor of 54 and w?
27
Let g be 1961 + 0 + (-28)/(-4) + -6. Calculate the highest common divisor of g and 18.
18
Let m = 6 + -2. Suppose 0 = 4*g - a - 213, m = -2*a - 6. Suppose -4*o + 40 = -g. Calculate the greatest common factor of o and 23.
23
Suppose -f - 3*a - 105 = -4*f, 5*f - 178 = 2*a. Suppose -2*u = -4*u + f. What is the greatest common factor of 24 and u?
6
Let z be ((-90)/(-12))/((-1)/(-6)). Let o = z + -33. Calculate the greatest common divisor of o and 3.
3
Suppose -v + 1 = -1. Suppose -4*k + k - 43 = v*w, 4*k - 2*w = -62. Let o be k/20 - (-54)/8. What is the greatest common factor of o and 18?
6
Let m(y) = -5*y + 1 - 2 - 6. Let b be m(-5). Suppose b = 4*w - 22. Calculate the highest common factor of w and 10.
10
Let i be (6264/609)/((-2)/(-511)). Calculate the greatest common divisor of i and 36.
36
Let t(p) = 7*p**2 + 45*p + 14. Let m be t(-7). What is the highest common divisor of 56 and m?
14
Let n = -1033 - -1057. What is the greatest common divisor of n and 294?
6
Let u = 53 - 33. Let s = 8 + u. Let t = 7 + -3. Calculate the highest common divisor of s and t.
4
Suppose b = 1, -m + 127*b + 623 = 126*b. What is the highest common divisor of m and 288?
48
Suppose -41 = -12*h + 4423. Calculate the highest common divisor of 96 and h.
12
Suppose -3*x + 5 = -2*x. Let h = -187 + 202. Suppose -x = -2*d + h. Calculate the greatest common divisor of d and 15.
5
Let l(y) = y + 5*y - 2*y**2 + y**3 - 6*y**2. Let q be l(8). What is the highest common factor of q and 12?
12
Let p(o) = o**3 - 6*o**2 + o - 3. Let j be p(6). Let x be (j/(-2))/(3/(-22)). Let i = 5 + x. What is the highest common divisor of 112 and i?
16
Suppose -5*g - 32 + 122 = 0. Let v be 8/6*((-933)/(-6) + -7). Calculate the greatest common divisor of g and v.
18
Let w = -2 - -5. Suppose 8*z - 41 = 79. Calculate the highest common factor of w and z.
3
Let x = 14 + -7. Let q(i) = -3*i - 12. Let l be q(x). Let p = l + 37. What is the highest common factor of p and 6?
2
Suppose 0 = 18*k - 20*k + 28. Let a(r) be the first derivative of 10*r**3/3 + 3*r**2/2 + r - 4. Let o be a(-2). What is the highest common factor of o and k?
7
Let w be 2 + 58 + (-3 - 1). Calculate the highest common factor of w and 64.
8
Let s = 7 + -13. Let q be ((-38)/s)/((-2)/(-18)). Let x = q + 9. Calculate the highest common factor of x and 6.
6
Suppose -2*k + m + 20 + 0 = 0, -4*k + 4*m = -40. Let z be 6/2 - -6*k/4. What is the greatest common factor of z and 45?
9
Let r(y) = y. Let t be r(-5). Let a(x) = -4*x + x + 3*x - 10 - 3*x. Let m be a(t). What is the greatest common divisor of m and 10?
5
Let x be (4076 - 36) + 6*(-4)/3. Calculate the greatest common divisor of x and 28.
28
Suppose -2 = a, 3*h + 4*a + 8 = -15. Let s be ((-2)/h)/((-7)/315). Let k = -10 - s. What is the highest common factor of 8 and k?
8
Let l be (0 + (-3 - 74/(-4)))*2. Let s be (4 + -2)/(4/558). What is the greatest common factor of l and s?
31
Suppose 3*o - 11 = -n, 0 = -4*o - n + 15 - 2. Calculate the greatest common factor of 32 and o.
2
Suppose -17*f + 18*f = 5*j - 702, -4*j + 4*f + 568 = 0. Calculate the greatest common factor of 56 and j.
28
Let a be 12/(-8) + 11/2. Suppose a*v + 8 = 56. Let b be (-2)/v - (-98)/12. Calculate the highest common factor of 48 and b.
8
Let q(v) = v**3 - 7*v**2 - v + 31. Let h be q(7). What is the highest common factor of h and 512?
8
Suppose -3*l - 40 = -100. Let t(z) = 4*z - 20. Let m be t(10). Calculate the greatest common divisor of m and l.
20
Suppose -5*g = 44 - 94. Let i be (g + -12)/(1/(-3)). Let p(d) = -d**3 + 7*d**2 - 3*d